{"id":3414,"date":"2014-12-16T23:34:05","date_gmt":"2014-12-16T23:34:05","guid":{"rendered":"http:\/\/logistics-upb.com\/englishver\/ro\/research\/"},"modified":"2026-03-28T12:43:15","modified_gmt":"2026-03-28T10:43:15","slug":"research","status":"publish","type":"page","link":"http:\/\/logistics-upb.com\/englishver\/research\/","title":{"rendered":"Cercetare stiintifica"},"content":{"rendered":"<h2 class=\"sppb-addon-title\" style=\"text-align: center;\">Sesiune \u0219tiin\u021bific\u0103 studen\u021beasc\u0103<\/h2>\n<p>Facultatea de Inginerie Industrial\u0103 \u0219i Robotic\u0103 organizeaz\u0103, \u00een perioada 22-23 Mai 2026, Simpozionul de Inginerie Industrial\u0103 \u0219i Robotic\u0103, \u00een cadrul c\u0103ruia sunt prezentate rezultatele cercet\u0103rii \u0219tiin\u021bifice studen\u021be\u0219ti.<br \/>\nEvenimentul \u0219tiin\u021bific se adreseaz\u0103 \u00een principal studen\u021bilor \u00eenscri\u0219i la programele universitare de licen\u021b\u0103 \u0219i de masterat \u0219i ofer\u0103 participan\u021bilor prilejul de a disemina rezultatele preocup\u0103rile \u00een domeniul cercet\u0103rii inginere\u0219ti.<br \/>\nLucr\u0103rile premiate la fiecare sec\u021biune vor fi publicate \u00een \u201cRevista de Inginerie Industrial\u0103 si Robotic\u0103\u201d.<\/p>\n<p>Cercetarea stiintifica reprezinta o misiune importanta in cadrul specializarii Logistica Industriala, sarcinile principale legate de organizarea si realizarea activitatilor aferente indeplinirii acestei misiuni fiind structurate pe mici colective organizate pentru realizarea diverselor proiecte.<\/p>\n<h3>Teme de cercetare prezentate \u00een cadrul sec\u021biunilor oraganizate la nivelul programelor de studii de licen\u021b\u0103 \u0219i masterat Logistic\u0103 Industrial\u0103 (selec\u021bie):<\/h3>\n<ul>\n<li>Studiu privind sistemele de formare a cutiilor pentru ambalarea produselor;<\/li>\n<li>Proiectarea unui sistem automat de sortare \u0219i reciclare a de\u0219eurilor;<\/li>\n<li>Studiu privind optimizarea traseelor AGV-urilor;<\/li>\n<li>Studiu de caz privind Logistica 4.0;<\/li>\n<li>Solu\u021bii moderne de gestiune a fluxurilor logistice \u00een unit\u0103\u021bile sanitare;<\/li>\n<li>Cercet\u0103ri privind implementarea sistemelor de manipulare \u0219i stocare a produselor \u00eentr-un depozit;<\/li>\n<li>Cercet\u0103ri privind implementarea tehnologiei de identificare prin radiofrecven\u021b\u0103 \u00eentrun depozit;<\/li>\n<li>Analiza dinamic\u0103 a structurii portante a unui conveior cu sistem de reorientare integrat \u00eentr-un flux logistic;<\/li>\n<li>Cercet\u0103ri privind implementarea tehnologiei Blockchain \u00een lan\u021bul de aprovizionare;<\/li>\n<li>Model matematic \u00een vederea optimiz\u0103rii consumului de energie \u00een cadrul centrelor de logistic\u0103;<\/li>\n<li>Dezvoltarea unui algoritm de \u00eenv\u0103\u021bare automat\u0103 pentru predic\u021bia pre\u021bului de v\u00e2nzare a spa\u021biilor comerciale;<\/li>\n<li>Modelarea fluxurilor logististice prin strategii eficiente de transport;<\/li>\n<li>Studiu privind logistica intern\u0103 \u00een industria de produc\u021bie a autovehiculelor;<\/li>\n<li>Program \u0219i metode de calcul pentru eficientizarea logisticii \u00een produc\u021bie;<\/li>\n<li>Conceptualizarea unui sistem modular pentru digitalizarea sarcinilor logistice \u00eentr-o aplica\u021bie WMS;<\/li>\n<li>Implementarea conceptului Digital Twin pentru optimizarea sustenabil\u0103 \u0219i inteligent\u0103 a lan\u021bului logistic industrial;<\/li>\n<li>Mentenan\u021ba predictv\u0103 \u00een industria 5.0: integrarea senzorilor pentru eficien\u021b\u0103 \u0219i siguran\u021b\u0103;<\/li>\n<li>Integrarea sistemelor de vedere artificial\u0103 pentru ghidarea robo\u021bilor folosi\u021bi \u00een opera\u021bia de pick and place;<\/li>\n<li>Reducerea pierderilor \u00een lan\u021bul de furnizori din industria agroalimentar\u0103, prin digitalizarea procesului de depozitare \u0219i distribu\u021bie;<\/li>\n<li>Implementarea \u015fi optimizarea proceselor de livrare din cadrul logisticii Last Mile;<\/li>\n<li>Solu\u021bii de implementare a AMR-urilor pentru automatizarea depozitelor;<\/li>\n<li>Studiu privind impactul implement\u0103rii VLM \u00een centrele de distribu\u021bie;<\/li>\n<li>Trasabilitate inteligent\u0103 \u00een logistica industrial\u0103 cu ajutorul codurilor QR;<\/li>\n<li>Optimizarea gestiunii stocurilor prin utilizarea tehnologiilor digitale;<\/li>\n<li>Optimizarea re\u021belelor logistice strategice: analiz\u0103 prin algoritmul Dijkstra a rutelor logistice aflate sub amenin\u021b\u0103ri hibride;<\/li>\n<\/ul>\n","protected":false},"excerpt":{"rendered":"<p>Sesiune \u0219tiin\u021bific\u0103 studen\u021beasc\u0103 Facultatea de Inginerie Industrial\u0103 \u0219i Robotic\u0103 organizeaz\u0103, \u00een perioada 22-23 Mai 2026, Simpozionul de Inginerie Industrial\u0103 \u0219i Robotic\u0103, \u00een cadrul c\u0103ruia sunt prezentate rezultatele cercet\u0103rii \u0219tiin\u021bifice studen\u021be\u0219ti. Evenimentul \u0219tiin\u021bific se adreseaz\u0103 \u00een principal studen\u021bilor \u00eenscri\u0219i la programele universitare de licen\u021b\u0103 \u0219i de masterat \u0219i ofer\u0103 participan\u021bilor prilejul de a disemina rezultatele preocup\u0103rile<\/p>\n<p class=\"more-link\"><a href=\"http:\/\/logistics-upb.com\/englishver\/research\/\" class=\"themebutton\">Read More<\/a><\/p>\n","protected":false},"author":1,"featured_media":0,"parent":0,"menu_order":0,"comment_status":"closed","ping_status":"closed","template":"","meta":{"footnotes":""},"class_list":["post-3414","page","type-page","status-publish","hentry"],"yoast_head":"<!-- This site is optimized with the Yoast SEO plugin v27.2 - https:\/\/yoast.com\/product\/yoast-seo-wordpress\/ -->\n<title>Cercetare stiintifica - Logistica Industriala<\/title>\n<meta name=\"robots\" content=\"index, follow, max-snippet:-1, max-image-preview:large, max-video-preview:-1\" \/>\n<link rel=\"canonical\" href=\"http:\/\/logistics-upb.com\/englishver\/research\/\" \/>\n<meta property=\"og:locale\" content=\"ro_RO\" \/>\n<meta property=\"og:type\" content=\"article\" \/>\n<meta property=\"og:title\" content=\"Cercetare stiintifica - Logistica Industriala\" \/>\n<meta property=\"og:description\" content=\"Sesiune \u0219tiin\u021bific\u0103 studen\u021beasc\u0103 Facultatea de Inginerie Industrial\u0103 \u0219i Robotic\u0103 organizeaz\u0103, \u00een perioada 22-23 Mai 2026, Simpozionul de Inginerie Industrial\u0103 \u0219i Robotic\u0103, \u00een cadrul c\u0103ruia sunt prezentate rezultatele cercet\u0103rii \u0219tiin\u021bifice studen\u021be\u0219ti. Evenimentul \u0219tiin\u021bific se adreseaz\u0103 \u00een principal studen\u021bilor \u00eenscri\u0219i la programele universitare de licen\u021b\u0103 \u0219i de masterat \u0219i ofer\u0103 participan\u021bilor prilejul de a disemina rezultatele preocup\u0103rileRead More\" \/>\n<meta property=\"og:url\" content=\"http:\/\/logistics-upb.com\/englishver\/research\/\" \/>\n<meta property=\"og:site_name\" content=\"Logistica Industriala\" \/>\n<meta property=\"article:modified_time\" content=\"2026-03-28T10:43:15+00:00\" \/>\n<meta name=\"twitter:card\" content=\"summary_large_image\" \/>\n<meta name=\"twitter:label1\" content=\"Timp estimat pentru citire\" \/>\n\t<meta name=\"twitter:data1\" content=\"3 minute\" \/>\n<script type=\"application\/ld+json\" class=\"yoast-schema-graph\">{\"@context\":\"https:\/\/schema.org\",\"@graph\":[{\"@type\":\"WebPage\",\"@id\":\"http:\/\/logistics-upb.com\/englishver\/research\/\",\"url\":\"http:\/\/logistics-upb.com\/englishver\/research\/\",\"name\":\"Cercetare stiintifica - Logistica Industriala\",\"isPartOf\":{\"@id\":\"https:\/\/logistics-upb.com\/englishver\/#website\"},\"datePublished\":\"2014-12-16T23:34:05+00:00\",\"dateModified\":\"2026-03-28T10:43:15+00:00\",\"breadcrumb\":{\"@id\":\"http:\/\/logistics-upb.com\/englishver\/research\/#breadcrumb\"},\"inLanguage\":\"ro-RO\",\"potentialAction\":[{\"@type\":\"ReadAction\",\"target\":[\"http:\/\/logistics-upb.com\/englishver\/research\/\"]}]},{\"@type\":\"BreadcrumbList\",\"@id\":\"http:\/\/logistics-upb.com\/englishver\/research\/#breadcrumb\",\"itemListElement\":[{\"@type\":\"ListItem\",\"position\":1,\"name\":\"Prima pagin\u0103\",\"item\":\"http:\/\/logistics-upb.com\/englishver\/\"},{\"@type\":\"ListItem\",\"position\":2,\"name\":\"Cercetare stiintifica\"}]},{\"@type\":\"WebSite\",\"@id\":\"https:\/\/logistics-upb.com\/englishver\/#website\",\"url\":\"https:\/\/logistics-upb.com\/englishver\/\",\"name\":\"Logistica Industriala\",\"description\":\"Universitatea Politehnica Bucuresti\",\"potentialAction\":[{\"@type\":\"SearchAction\",\"target\":{\"@type\":\"EntryPoint\",\"urlTemplate\":\"https:\/\/logistics-upb.com\/englishver\/?s={search_term_string}\"},\"query-input\":{\"@type\":\"PropertyValueSpecification\",\"valueRequired\":true,\"valueName\":\"search_term_string\"}}],\"inLanguage\":\"ro-RO\"}]}<\/script>\n<!-- \/ Yoast SEO plugin. -->","yoast_head_json":{"title":"Cercetare stiintifica - Logistica Industriala","robots":{"index":"index","follow":"follow","max-snippet":"max-snippet:-1","max-image-preview":"max-image-preview:large","max-video-preview":"max-video-preview:-1"},"canonical":"http:\/\/logistics-upb.com\/englishver\/research\/","og_locale":"ro_RO","og_type":"article","og_title":"Cercetare stiintifica - Logistica Industriala","og_description":"Sesiune \u0219tiin\u021bific\u0103 studen\u021beasc\u0103 Facultatea de Inginerie Industrial\u0103 \u0219i Robotic\u0103 organizeaz\u0103, \u00een perioada 22-23 Mai 2026, Simpozionul de Inginerie Industrial\u0103 \u0219i Robotic\u0103, \u00een cadrul c\u0103ruia sunt prezentate rezultatele cercet\u0103rii \u0219tiin\u021bifice studen\u021be\u0219ti. Evenimentul \u0219tiin\u021bific se adreseaz\u0103 \u00een principal studen\u021bilor \u00eenscri\u0219i la programele universitare de licen\u021b\u0103 \u0219i de masterat \u0219i ofer\u0103 participan\u021bilor prilejul de a disemina rezultatele preocup\u0103rileRead More","og_url":"http:\/\/logistics-upb.com\/englishver\/research\/","og_site_name":"Logistica Industriala","article_modified_time":"2026-03-28T10:43:15+00:00","twitter_card":"summary_large_image","twitter_misc":{"Timp estimat pentru citire":"3 minute"},"schema":{"@context":"https:\/\/schema.org","@graph":[{"@type":"WebPage","@id":"http:\/\/logistics-upb.com\/englishver\/research\/","url":"http:\/\/logistics-upb.com\/englishver\/research\/","name":"Cercetare stiintifica - Logistica Industriala","isPartOf":{"@id":"https:\/\/logistics-upb.com\/englishver\/#website"},"datePublished":"2014-12-16T23:34:05+00:00","dateModified":"2026-03-28T10:43:15+00:00","breadcrumb":{"@id":"http:\/\/logistics-upb.com\/englishver\/research\/#breadcrumb"},"inLanguage":"ro-RO","potentialAction":[{"@type":"ReadAction","target":["http:\/\/logistics-upb.com\/englishver\/research\/"]}]},{"@type":"BreadcrumbList","@id":"http:\/\/logistics-upb.com\/englishver\/research\/#breadcrumb","itemListElement":[{"@type":"ListItem","position":1,"name":"Prima pagin\u0103","item":"http:\/\/logistics-upb.com\/englishver\/"},{"@type":"ListItem","position":2,"name":"Cercetare stiintifica"}]},{"@type":"WebSite","@id":"https:\/\/logistics-upb.com\/englishver\/#website","url":"https:\/\/logistics-upb.com\/englishver\/","name":"Logistica Industriala","description":"Universitatea Politehnica Bucuresti","potentialAction":[{"@type":"SearchAction","target":{"@type":"EntryPoint","urlTemplate":"https:\/\/logistics-upb.com\/englishver\/?s={search_term_string}"},"query-input":{"@type":"PropertyValueSpecification","valueRequired":true,"valueName":"search_term_string"}}],"inLanguage":"ro-RO"}]}},"_links":{"self":[{"href":"http:\/\/logistics-upb.com\/englishver\/wp-json\/wp\/v2\/pages\/3414","targetHints":{"allow":["GET"]}}],"collection":[{"href":"http:\/\/logistics-upb.com\/englishver\/wp-json\/wp\/v2\/pages"}],"about":[{"href":"http:\/\/logistics-upb.com\/englishver\/wp-json\/wp\/v2\/types\/page"}],"author":[{"embeddable":true,"href":"http:\/\/logistics-upb.com\/englishver\/wp-json\/wp\/v2\/users\/1"}],"replies":[{"embeddable":true,"href":"http:\/\/logistics-upb.com\/englishver\/wp-json\/wp\/v2\/comments?post=3414"}],"version-history":[{"count":8,"href":"http:\/\/logistics-upb.com\/englishver\/wp-json\/wp\/v2\/pages\/3414\/revisions"}],"predecessor-version":[{"id":4275,"href":"http:\/\/logistics-upb.com\/englishver\/wp-json\/wp\/v2\/pages\/3414\/revisions\/4275"}],"wp:attachment":[{"href":"http:\/\/logistics-upb.com\/englishver\/wp-json\/wp\/v2\/media?parent=3414"}],"curies":[{"name":"wp","href":"https:\/\/api.w.org\/{rel}","templated":true}]}}