{"id":3386,"date":"2015-02-14T16:52:43","date_gmt":"2015-02-14T14:52:43","guid":{"rendered":"http:\/\/logistics-upb.com\/englishver\/ro\/admission\/"},"modified":"2026-03-28T14:51:11","modified_gmt":"2026-03-28T12:51:11","slug":"admission","status":"publish","type":"page","link":"http:\/\/logistics-upb.com\/englishver\/admission\/","title":{"rendered":"Admitere Licenta"},"content":{"rendered":"\n<p class=\"has-vivid-red-color has-text-color\"><strong>ADMITERE ANTICIPAT\u0102: 15.01.2026 \u2013 19.07.2026<\/strong><\/p>\n\n\n\n<p><strong>Pentru a te \u00eenscrie la Programul de Studii Logistic\u0103 Industrial\u0103 va trebui s\u0103 i\u021bi faci cont p\u00e2n\u0103 pe 15 iunie pe\u00a0 <\/strong><a href=\"https:\/\/admitere.pub.ro\/\"><strong>https:\/\/admitere.pub.ro\/<\/strong><\/a><strong> \u0219i s\u0103 completezi toate c\u00e2mpurile din formularul de \u00eenscriere, select\u00e2nd Facultatea de Inginerie Industrial\u0103 \u0219i Robotic\u0103, domeniul de studii Inginerie Industrial\u0103.<\/strong><\/p>\n\n\n\n<p><strong>Alegerea specializ\u0103rii Logistic\u0103 Industrial\u0103 se va face la \u00eenmatriculare (atunci cand vor fi depuse in original documentele la secretariatul facult\u0103\u021bii de Inginerie Industrial\u0103 \u0219i Robotic\u0103)!<\/strong><\/p>\n\n\n\n<p>Aceast\u0103 sesiune este dedicat\u0103:<\/p>\n\n\n\n<p class=\"has-vivid-red-color has-text-color\">\u2022 <strong>Candida\u021bilor elevi sau absolven\u021bi<\/strong> <strong>olimpici \u0219i celor cu rezultate deosebite \u00een cadrul concursurilor de profil desf\u0103\u0219urate pe parcursul liceului<\/strong>. Ace\u0219tia sunt candida\u021bi pentru Admitere anticipat\u0103 <strong>f\u0103r\u0103 concurs<\/strong><\/p>\n\n\n\n<p>Candida\u021bii eligibili vor fi declara\u021bi pre-admi\u0219i (f\u0103r\u0103 concurs) \u0219i li se va garanta locul dac\u0103 promoveaz\u0103 examenul de Bacalaureat \u0219i parcurg cu succes Faza III &#8211; Validare pre-admi\u0219i \u0219i \u00eenmatriculare admi\u0219i anticipat.<\/p>\n\n\n\n<p class=\"has-vivid-red-color has-text-color\">\u2022 <strong>Candida\u021bilor elevi sau absolven\u021bi care doresc garantarea anticipat\u0103 a unui loc pentru studii \u00een UPB<\/strong>. Ace\u0219tia sunt candida\u021bi pentru Admitere anticipat\u0103 <strong>prin concurs<\/strong>. Evaluarea performan\u021belor candida\u021bilor \u00eenscri\u0219i la aceast\u0103 sesiune \u0219i ierarhizarea lor se va face <strong>pe baza<\/strong> <strong>rezultatelor \u0219colare<\/strong> ob\u021binute \u00eenaintea sus\u021binerii examenului de Bacalaureat.<\/p>\n\n\n\n<p>Candida\u021bii eligibili vor fi declara\u021bi pre-admi\u0219i (prin concurs), \u00een limita locurilor disponibile \u0219i li se va garanta locul dac\u0103 promoveaz\u0103 examenul de Bacalaureat \u0219i parcurg cu succes Faza III &#8211; Validare pre admi\u0219i \u0219i \u00eenmatriculare admi\u0219i anticipat.<\/p>\n\n\n\n<p class=\"has-vivid-red-color has-text-color\"><strong>Faza I \u2013 \u00ceNSCRIERE: 15.01.2026 \u2013 15.06.2026<\/strong><\/p>\n\n\n\n<ul class=\"wp-block-list\">\n<li>Componen\u021ba dosarului pentru \u00eenscrierea \u00een aceast\u0103 sesiune este descris\u0103 \u00een&nbsp;<a href=\"https:\/\/admitere.pub.ro\/docs\/Anexa_IV_Regulament_2026.pdf?v=24.03.29\" target=\"_blank\" rel=\"noreferrer noopener\">Anexa IV<\/a>.<\/li>\n\n\n\n<li>\u00cen&nbsp;<strong>Sesiunea I &#8211; Admitere anticipat\u0103<\/strong>&nbsp;canditatul va plati o tax\u0103 de \u00eenscriere, iar \u00een ceea ce prive\u0219te op\u021biunile:<br>&#8211; Candidatul alege, \u00een prima faz\u0103, disciplinele pentru probele P1 \u0219i P2 dintre cele valabile la facultatea la care se \u00eenscrie (vezi&nbsp;&nbsp;<a href=\"https:\/\/admitere.pub.ro\/docs\/Anexa_II_1.1_Regulament_2026.pdf?v=24.03.29\" target=\"_blank\" rel=\"noreferrer noopener\">Anexa II-1.1<\/a>)&nbsp;pentru concurs pe baza rezultatelor la activit\u0103\u021bile \u0219colare (dosar).<\/li>\n\n\n\n<li>Pentru&nbsp;<strong>A &#8211; Admitere anticipat\u0103 f\u0103r\u0103 concurs<\/strong>, olimpiadele \u0219i concursurile luate \u00een considerare depind de specificul facult\u0103\u021bii la care ace\u0219tia se \u00eenscriu (vezi&nbsp;<a href=\"https:\/\/admitere.pub.ro\/docs\/Anexa_VI_Regulament_2026.pdf?v=240408\" target=\"_blank\" rel=\"noreferrer noopener\">Anexa VI<\/a>).<\/li>\n\n\n\n<li>Pentru&nbsp;<strong>B &#8211; Admitere anticipat\u0103 prin concurs<\/strong>, \u00een ceea ce prive\u0219te probele de concurs, \u00een Sesiunea I, dou\u0103 dintre acestea (P1 \u0219i respectiv P2) se bazeaz\u0103 pe mediile ob\u021binute de candidat, \u00een timpul liceului, la disciplinele selectate (vezi&nbsp;<a href=\"https:\/\/admitere.pub.ro\/docs\/Anexa_II_1.1_Regulament_2026.pdf?v=240408\" target=\"_blank\" rel=\"noreferrer noopener\">Anexa II-1.1<\/a>) dac\u0103 acesta s-a \u00eenscris la o facultate la care admiterea anticipat\u0103 este prin concurs pe baza rezultatelor la activit\u0103\u021bile \u0219colare (dosar).<\/li>\n\n\n\n<li>Pentru&nbsp;<strong>B &#8211; Admitere anticipat\u0103 prin concurs<\/strong>, proba P3 se bazeaz\u0103 pe mediile generale ob\u021binute de candidat \u00een clasele a IX-a, a X-a \u0219i a XI-a, precum \u0219i pe o serie de activit\u0103\u021bi suplimentare pe care acesta le-a desf\u0103\u0219urat \u00een anii de liceu (vezi&nbsp;<a href=\"https:\/\/admitere.pub.ro\/docs\/Anexa_III_Regulament_2026.pdf?v=24.03.29\" target=\"_blank\" rel=\"noreferrer noopener\">Anexa III<\/a>).<\/li>\n<\/ul>\n\n\n\n<p class=\"has-vivid-red-color has-text-color\"><strong>Faza II \u2013 ADMITERE PRELIMINAR\u0102: 17.06.2026 \u2013 19.06.2026<\/strong><\/p>\n\n\n\n<p>\u2022 Pentru candida\u021bii care au participat la Faza I \u0219i la Faza II rezultatele preliminare vor fi afisate \u00een data de&nbsp;17 iunie, ora 12:00.<\/p>\n\n\n\n<p>\u2022 Fiecare candidat poate vizualiza rezultatul ob\u021binut \u00een contul s\u0103u din platforma on-line <a href=\"https:\/\/admitere.pub.ro\">https:\/\/admitere.pub.ro<\/a>.<\/p>\n\n\n\n<p>\u2022 Eventualele contesta\u021bii&nbsp;vor putea fi depuse on-line la Comisia Central\u0103 de Admitere p\u00e2n\u0103 la data de 17 iunie, ora 12:00 prin platforma <a href=\"https:\/\/admitere.pub.ro\">https:\/\/admitere.pub.ro<\/a><\/p>\n\n\n\n<p>\u2022 Rezultatele finale privind admiterea preliminara vor fi publicate la data de&nbsp;19 iunie, ora 12:00.<\/p>\n\n\n\n<p class=\"has-vivid-red-color has-text-color\"><strong>Faza III \u2013 ADMITERE ETAPA II &#8211; VALIDARE, CONFIRMARE, PARTICIPARE LA GLISARE (OP\u021aIONAL*), \u00ceNSCRIERE \u00ceN ANUL I \u0218I \u00ceNMATRICULARE ADMI\u0218I ANTICIPAT:<\/strong> <strong>15.07.2026 \u2013 17.07.2026<\/strong><\/p>\n\n\n\n<ul class=\"wp-block-list\">\n<li>Pentru a fi admis \u0219i \u00eenmatriculat candidatul trebuie s\u0103 fi promovat examenul de Bacalaureat, s\u0103 fi fost declarat pre-admis \u00een Faza II, s\u0103 aib\u0103 dosarul de admitere complet (cu toate documentele solicitate vezi&nbsp;<a href=\"https:\/\/admitere.pub.ro\/docs\/Anexa_V_Regulament_2026.pdf?v=240408\" target=\"_blank\" rel=\"noreferrer noopener\">Anexa V<\/a>), iar datele furnizate la \u00eenscriere \u00een Faza I s\u0103 fie conforme cu documentele originale aduse \u00een Faza III.<\/li>\n\n\n\n<li>Validarea, confirmarea locului ob\u021binut, solicitarea pentru participare la glisare -op\u021bional*-, \u00eenscrierea \u00een anul I \u0219i ulterior \u00eenmatricularea se face la sediul facult\u0103\u021bilor la care ace\u0219tia au fost declara\u021bi pre-admi\u0219i, zilnic, \u00eentre orele 08:00-16:00, \u00eencep\u00e2nd cu ziua de 15 Iulie, ora 8:00 \u0219i termin\u00e2nd pe 17 Iulie, ora 16:00.<\/li>\n\n\n\n<li>\u00cen data de 18 iulie, ora 12:00, vor fi afi\u0219ate listele cu candida\u021bii admi\u0219i \u0219i \u00eenmatricula\u021bi \u00een Sesiunea I. Candida\u021bii declara\u021bi pre-admi\u0219i \u0219i care nu s-au \u00eenmatriculat \u00een Faza III vor pierde locul rezervat \u00een Sesiunea I \u0219i vor fi elimina\u021bi din concursul de admitere. Eventualele locuri r\u0103mase vacante ca urmare a ne\u00eenmatricul\u0103rii candida\u021bilor pre-admi\u0219i vor fi disponibilizate pentru glisarea intern\u0103 din data de 18 iulie 2026. <\/li>\n<\/ul>\n\n\n\n<p>Pentru suportul \u00een procesul de \u00eenscriere la programul de studii Logistic\u0103 Industrial\u0103 ne pute\u021bi contacta pe Whatsapp la: <a href=\"https:\/\/wa.me\/0723990416\">0723 990 416<\/a>.<\/p>\n\n\n\n<p class=\"has-text-align-center\"><strong>Documente \u00eenscriere on-line \u2013 Sesiunea I<br>Admitere anticipat\u0103 2026<br>Documentele necesare \u00eenscrierii on-line \u00een cadrul Sesiunii I \u2013 Admitere anticipat\u0103:<\/strong><\/p>\n\n\n\n<ul class=\"wp-block-list\">\n<li>Certificat de na\u0219tere \u2013 copie scanat\u0103 (format jpg sau pdf);<\/li>\n\n\n\n<li>Act de identitate &#8211; copie scanat\u0103 (format jpg sau pdf);<\/li>\n\n\n\n<li>Foaie matricol\u0103\/ Adeverin\u021b\u0103 &#8211; copie scanat\u0103 (format jpg sau pdf), care con\u021bine situa\u021bia \u0219colar\u0103 clasele IX-XI (mediile disciplinelor \u0219i mediile generale);<\/li>\n\n\n\n<li>Dovad\u0103 plat\u0103 \u00eenscriere &#8211; copie scanat\u0103 (format jpg sau pdf). Plata se face \u00een platforma https:\/\/admitere.pub.ro\/ din sec\u021biunea Op\u021biuni \u00eenscriere;<\/li>\n\n\n\n<li>Cerere de \u00eenscriere &#8211; copie scanat\u0103 (format jpg sau pdf). Se descarc\u0103 din platforma de admitere, se semneaz\u0103 \u0219i se dateaz\u0103;<\/li>\n\n\n\n<li>Declara\u021bie pe propria r\u0103spundere &#8211; copie scanat\u0103 (format jpg sau pdf). Se descarc\u0103 din platforma de admitere, se semneaz\u0103 \u0219i se dateaz\u0103.<\/li>\n\n\n\n<li>Rezultate activit\u0103\u021bi suplimentare &#8211; copii scanate (format jpg sau pdf), cum vor fi mai multe fisiere acestea se arhiveaz\u0103, iar arhiva se va denumi Activit\u0103\u021bi suplimentare.rar.\n<ul class=\"wp-block-list\">\n<li>Scrisori de recomandare din partea unor cadre didactice;<\/li>\n\n\n\n<li>Diplome concursuri \u0219colare (orice fel de concurs) inclusiv diplome de participare;<\/li>\n\n\n\n<li>Activit\u0103\u021bi de voluntariat \u2013 diplome\/adeverin\u021be etc.<\/li>\n<\/ul>\n<\/li>\n\n\n\n<li>Adeverin\u021b\u0103 medical\u0103 &#8211; copie scanat\u0103 (format jpg sau pdf).<\/li>\n<\/ul>\n\n\n\n<p class=\"has-text-align-center\"><strong>Taxa de \u00eenscriere. Cuantum\/Plat\u0103\/Scutire de plat\u0103<\/strong><\/p>\n\n\n\n\n\n\n\n<p>Taxa de \u00eenscriere este 125 lei \u0219i se poate achita av\u00e2nd men\u021bionate la explica\u021biile pl\u0103\u021bii: <\/p>\n\n\n\n<p>Numele \u0219i Prenumele complet al candidatului (Ex. POPESCU M. Andrei), precum \u0219i Facultatea de baz\u0103 (Ex. Inginerie Industrial\u0103 \u0219i Robotic\u0103) la care acesta se \u00eenscrie pentru concursul de admitere, astfel:<\/p>\n\n\n\n<p>\u2713 direct \u00een platforma on-line https:\/\/admitere.pub.ro\/, cu card bancar;<\/p>\n\n\n\n<p>\u2713 prin transfer bancar (realizat \u00eentr-o aplicate de e-banking sau la ghi\u0219eul unei b\u0103nci), \u00eentr-unul dintre urm\u0103toarele conturi: <\/p>\n\n\n\n<p>Universitatea Na\u021bional\u0103 de \u0218tiin\u021b\u0103 \u0219i Tehnologie POLITEHNICA<\/p>\n\n\n\n<p>BUCURE\u0218TI, CUI 48467613<\/p>\n\n\n\n<p>IBAN RO42 RNCB 0723 0005 0625 0270, deschis la Banca Comercial\u0103<\/p>\n\n\n\n<p>Rom\u00e2n\u0103 (BCR)<\/p>\n\n\n\n<p>sau<\/p>\n\n\n\n<p>\u25aa Universitatea Na\u021bional\u0103 de \u0218tiin\u021b\u0103 \u0219i Tehnologie POLITEHNICA BUCURE\u0218TI, <strong>CUI 48467613<\/strong><\/p>\n\n\n\n<p><strong>IBAN RO97BRDE 410S V980 6875 4100<\/strong>, deschis la Banca Rom\u00e2n\u0103 de Dezvoltare (BRD).<\/p>\n\n\n\n<p>Documentele solicitate pentru scutirea pl\u0103\u021bii taxei de \u00eenscriere, fot fi:<\/p>\n\n\n\n<ul class=\"wp-block-list\">\n<li>Adeverin\u021b\u0103 de angajat \u00een sistemul de \u00eenv\u0103\u021b\u0103m\u00e2nt a unuia dintre p\u0103rin\u021bi, eliberat\u0103 de unitatea de \u00eenv\u0103\u021b\u0103m\u00e2nt la care acesta este angajat;<\/li>\n\n\n\n<li>Adeverin\u021be de la centrele de plasament sau casele de copii, \u00een cazul candida\u021bilor care provin de la un centru de plasament sau de la o cas\u0103 de copii;<\/li>\n\n\n\n<li>Certificatul de deces al unui p\u0103rinte, \u00een cazul candida\u021bilor orfani de un p\u0103rinte;<\/li>\n\n\n\n<li>Certificatele de deces ale p\u0103rin\u021bilor, \u00een cazul candida\u021bilor orfani de ambii p\u0103rin\u021bi;<\/li>\n\n\n\n<li>Dovada c\u0103 este copil al eroilor martiri sau al r\u0103ni\u021bilor din timpul Revolu\u021biei din decembrie 1989;<\/li>\n\n\n\n<li>Dovada c\u0103 este copil al unui salariat din Universitatea Na\u021bional\u0103 de \u0218tiin\u021b\u0103 \u0219i Tehnologie POLITEHNICA Bucure\u0219ti;<\/li>\n\n\n\n<li>Cerere c\u0103tre Decanul facult\u0103\u021bii la care candidatul se \u00eenscrie la concurs (facultatea de baz\u0103), pentru scutirea de plat\u0103 a taxei de \u00eenscriere \u00eenso\u021bit\u0103 de acte doveditoare care s\u0103 ateste o situa\u021bie material\u0103 precar\u0103, \u00een special pentru candida\u021bii proveni\u021bi din mediul rural (cupoane de pensii din ultima lun\u0103 ale p\u0103rin\u021bilor; adeverin\u021be care s\u0103 ateste statutul de \u0219omer al p\u0103rin\u021bilor; adeverin\u021be de venit eliberate de prim\u0103ria comunei \u00een care locuiesc p\u0103rin\u021bii etc.).<\/li>\n<\/ul>\n","protected":false},"excerpt":{"rendered":"<p>ADMITERE ANTICIPAT\u0102: 15.01.2026 \u2013 19.07.2026 Pentru a te \u00eenscrie la Programul de Studii Logistic\u0103 Industrial\u0103 va trebui s\u0103 i\u021bi faci cont p\u00e2n\u0103 pe 15 iunie pe\u00a0 https:\/\/admitere.pub.ro\/ \u0219i s\u0103 completezi toate c\u00e2mpurile din formularul de \u00eenscriere, select\u00e2nd Facultatea de Inginerie Industrial\u0103 \u0219i Robotic\u0103, domeniul de studii Inginerie Industrial\u0103. Alegerea specializ\u0103rii Logistic\u0103 Industrial\u0103 se va face<\/p>\n<p class=\"more-link\"><a href=\"http:\/\/logistics-upb.com\/englishver\/admission\/\" class=\"themebutton\">Read More<\/a><\/p>\n","protected":false},"author":1,"featured_media":0,"parent":0,"menu_order":0,"comment_status":"closed","ping_status":"closed","template":"","meta":{"footnotes":""},"class_list":["post-3386","page","type-page","status-publish","hentry"],"yoast_head":"<!-- This site is optimized with the Yoast SEO plugin v27.2 - https:\/\/yoast.com\/product\/yoast-seo-wordpress\/ -->\n<title>Admitere Licenta - Logistica Industriala<\/title>\n<meta name=\"robots\" content=\"index, follow, max-snippet:-1, max-image-preview:large, max-video-preview:-1\" \/>\n<link rel=\"canonical\" href=\"http:\/\/logistics-upb.com\/englishver\/admission\/\" \/>\n<meta property=\"og:locale\" content=\"ro_RO\" \/>\n<meta property=\"og:type\" content=\"article\" \/>\n<meta property=\"og:title\" content=\"Admitere Licenta - Logistica Industriala\" \/>\n<meta property=\"og:description\" content=\"ADMITERE ANTICIPAT\u0102: 15.01.2026 \u2013 19.07.2026 Pentru a te \u00eenscrie la Programul de Studii Logistic\u0103 Industrial\u0103 va trebui s\u0103 i\u021bi faci cont p\u00e2n\u0103 pe 15 iunie pe\u00a0 https:\/\/admitere.pub.ro\/ \u0219i s\u0103 completezi toate c\u00e2mpurile din formularul de \u00eenscriere, select\u00e2nd Facultatea de Inginerie Industrial\u0103 \u0219i Robotic\u0103, domeniul de studii Inginerie Industrial\u0103. Alegerea specializ\u0103rii Logistic\u0103 Industrial\u0103 se va faceRead More\" \/>\n<meta property=\"og:url\" content=\"http:\/\/logistics-upb.com\/englishver\/admission\/\" \/>\n<meta property=\"og:site_name\" content=\"Logistica Industriala\" \/>\n<meta property=\"article:modified_time\" content=\"2026-03-28T12:51:11+00:00\" \/>\n<meta name=\"twitter:card\" content=\"summary_large_image\" \/>\n<meta name=\"twitter:label1\" content=\"Timp estimat pentru citire\" \/>\n\t<meta name=\"twitter:data1\" content=\"7 minute\" \/>\n<script type=\"application\/ld+json\" class=\"yoast-schema-graph\">{\"@context\":\"https:\/\/schema.org\",\"@graph\":[{\"@type\":\"WebPage\",\"@id\":\"http:\/\/logistics-upb.com\/englishver\/admission\/\",\"url\":\"http:\/\/logistics-upb.com\/englishver\/admission\/\",\"name\":\"Admitere Licenta - Logistica Industriala\",\"isPartOf\":{\"@id\":\"https:\/\/logistics-upb.com\/englishver\/#website\"},\"datePublished\":\"2015-02-14T14:52:43+00:00\",\"dateModified\":\"2026-03-28T12:51:11+00:00\",\"breadcrumb\":{\"@id\":\"http:\/\/logistics-upb.com\/englishver\/admission\/#breadcrumb\"},\"inLanguage\":\"ro-RO\",\"potentialAction\":[{\"@type\":\"ReadAction\",\"target\":[\"http:\/\/logistics-upb.com\/englishver\/admission\/\"]}]},{\"@type\":\"BreadcrumbList\",\"@id\":\"http:\/\/logistics-upb.com\/englishver\/admission\/#breadcrumb\",\"itemListElement\":[{\"@type\":\"ListItem\",\"position\":1,\"name\":\"Prima pagin\u0103\",\"item\":\"https:\/\/logistics-upb.com\/englishver\/\"},{\"@type\":\"ListItem\",\"position\":2,\"name\":\"Admitere Licenta\"}]},{\"@type\":\"WebSite\",\"@id\":\"https:\/\/logistics-upb.com\/englishver\/#website\",\"url\":\"https:\/\/logistics-upb.com\/englishver\/\",\"name\":\"Logistica Industriala\",\"description\":\"Universitatea Politehnica Bucuresti\",\"potentialAction\":[{\"@type\":\"SearchAction\",\"target\":{\"@type\":\"EntryPoint\",\"urlTemplate\":\"https:\/\/logistics-upb.com\/englishver\/?s={search_term_string}\"},\"query-input\":{\"@type\":\"PropertyValueSpecification\",\"valueRequired\":true,\"valueName\":\"search_term_string\"}}],\"inLanguage\":\"ro-RO\"}]}<\/script>\n<!-- \/ Yoast SEO plugin. -->","yoast_head_json":{"title":"Admitere Licenta - Logistica Industriala","robots":{"index":"index","follow":"follow","max-snippet":"max-snippet:-1","max-image-preview":"max-image-preview:large","max-video-preview":"max-video-preview:-1"},"canonical":"http:\/\/logistics-upb.com\/englishver\/admission\/","og_locale":"ro_RO","og_type":"article","og_title":"Admitere Licenta - Logistica Industriala","og_description":"ADMITERE ANTICIPAT\u0102: 15.01.2026 \u2013 19.07.2026 Pentru a te \u00eenscrie la Programul de Studii Logistic\u0103 Industrial\u0103 va trebui s\u0103 i\u021bi faci cont p\u00e2n\u0103 pe 15 iunie pe\u00a0 https:\/\/admitere.pub.ro\/ \u0219i s\u0103 completezi toate c\u00e2mpurile din formularul de \u00eenscriere, select\u00e2nd Facultatea de Inginerie Industrial\u0103 \u0219i Robotic\u0103, domeniul de studii Inginerie Industrial\u0103. Alegerea specializ\u0103rii Logistic\u0103 Industrial\u0103 se va faceRead More","og_url":"http:\/\/logistics-upb.com\/englishver\/admission\/","og_site_name":"Logistica Industriala","article_modified_time":"2026-03-28T12:51:11+00:00","twitter_card":"summary_large_image","twitter_misc":{"Timp estimat pentru citire":"7 minute"},"schema":{"@context":"https:\/\/schema.org","@graph":[{"@type":"WebPage","@id":"http:\/\/logistics-upb.com\/englishver\/admission\/","url":"http:\/\/logistics-upb.com\/englishver\/admission\/","name":"Admitere Licenta - Logistica Industriala","isPartOf":{"@id":"https:\/\/logistics-upb.com\/englishver\/#website"},"datePublished":"2015-02-14T14:52:43+00:00","dateModified":"2026-03-28T12:51:11+00:00","breadcrumb":{"@id":"http:\/\/logistics-upb.com\/englishver\/admission\/#breadcrumb"},"inLanguage":"ro-RO","potentialAction":[{"@type":"ReadAction","target":["http:\/\/logistics-upb.com\/englishver\/admission\/"]}]},{"@type":"BreadcrumbList","@id":"http:\/\/logistics-upb.com\/englishver\/admission\/#breadcrumb","itemListElement":[{"@type":"ListItem","position":1,"name":"Prima pagin\u0103","item":"https:\/\/logistics-upb.com\/englishver\/"},{"@type":"ListItem","position":2,"name":"Admitere Licenta"}]},{"@type":"WebSite","@id":"https:\/\/logistics-upb.com\/englishver\/#website","url":"https:\/\/logistics-upb.com\/englishver\/","name":"Logistica Industriala","description":"Universitatea Politehnica Bucuresti","potentialAction":[{"@type":"SearchAction","target":{"@type":"EntryPoint","urlTemplate":"https:\/\/logistics-upb.com\/englishver\/?s={search_term_string}"},"query-input":{"@type":"PropertyValueSpecification","valueRequired":true,"valueName":"search_term_string"}}],"inLanguage":"ro-RO"}]}},"_links":{"self":[{"href":"http:\/\/logistics-upb.com\/englishver\/wp-json\/wp\/v2\/pages\/3386","targetHints":{"allow":["GET"]}}],"collection":[{"href":"http:\/\/logistics-upb.com\/englishver\/wp-json\/wp\/v2\/pages"}],"about":[{"href":"http:\/\/logistics-upb.com\/englishver\/wp-json\/wp\/v2\/types\/page"}],"author":[{"embeddable":true,"href":"http:\/\/logistics-upb.com\/englishver\/wp-json\/wp\/v2\/users\/1"}],"replies":[{"embeddable":true,"href":"http:\/\/logistics-upb.com\/englishver\/wp-json\/wp\/v2\/comments?post=3386"}],"version-history":[{"count":105,"href":"http:\/\/logistics-upb.com\/englishver\/wp-json\/wp\/v2\/pages\/3386\/revisions"}],"predecessor-version":[{"id":4288,"href":"http:\/\/logistics-upb.com\/englishver\/wp-json\/wp\/v2\/pages\/3386\/revisions\/4288"}],"wp:attachment":[{"href":"http:\/\/logistics-upb.com\/englishver\/wp-json\/wp\/v2\/media?parent=3386"}],"curies":[{"name":"wp","href":"https:\/\/api.w.org\/{rel}","templated":true}]}}